{"id":1742,"date":"2017-01-15T16:39:27","date_gmt":"2017-01-15T16:39:27","guid":{"rendered":"https:\/\/www.trzy.be\/?page_id=1742"},"modified":"2022-03-21T11:55:35","modified_gmt":"2022-03-21T11:55:35","slug":"oferta-2-2","status":"publish","type":"page","link":"https:\/\/www.trzy.be\/?page_id=1742","title":{"rendered":"Oferta"},"content":{"rendered":"<div  class=\"one\" style=\"padding:0px 0 0px 0;\" >\n<div class=\"page_content_wrapper withbg \" style=\"background-image:url(https:\/\/www.trzy.be\/wp-content\/uploads\/2017\/02\/pexels-photo-40120.jpg);background-size:cover;background-position:center center;height:500px;position:relative;\"><\/div>\n<\/div>\n<div  class=\"one withsmallpadding ppb_header \" style=\"text-align:center;padding:30px 0 30px 0;\" >\n<div class=\"standard_wrapper\">\n<div class=\"page_content_wrapper\">\n<div class=\"inner\">\n<div style=\"margin:auto;width:100%\">\n<h2 class=\"ppb_title\" style=\"\">Oferta<\/h2>\n<hr class=\"title_break center\" style=\"\"\/>\n<div class=\"ppb_header_content\">\n<p>W ramach naszej dzia\u0142alno\u015bci staramy si\u0119 odpowiada\u0107 na potrzeby klient\u00f3w zar\u00f3wno prywatnych jak i biznesowych.\u00a0Przygotowujemy projekty na wszystkich poziomach uszczeg\u00f3\u0142owienia. Zapraszamy do zapoznania si\u0119 z nasz\u0105 ofert\u0105<\/p>\n<\/div>\n<\/div>\n<\/div>\n<\/div>\n<\/div>\n<\/div>\n<div class=\"divider one\">&nbsp;<\/div>\n<div class=\"standard_wrapper\">\n<div  class=\"one\" style=\"padding:30px 0 30px 0;\" >\n<div class=\"page_content_wrapper\">\n<div class=\"inner\">\n<div class=\"one_third\">\n<div class=\"image_classic_frame expand\">\n<div class=\"image_wrapper\"><img decoding=\"async\" src=\"https:\/\/www.trzy.be\/wp-content\/uploads\/2021\/01\/IMG_8128.jpeg\" alt=\"\" class=\"preview\"\/><\/div>\n<\/div>\n<\/div>\n<div class=\"one_third\">\n<div class=\"image_classic_frame expand\">\n<div class=\"image_wrapper\"><img decoding=\"async\" src=\"https:\/\/www.trzy.be\/wp-content\/uploads\/2021\/12\/Salon3.jpg\" alt=\"\" class=\"preview\"\/><\/div>\n<\/div>\n<\/div>\n<div class=\"one_third last\">\n<div class=\"image_classic_frame expand\">\n<div class=\"image_wrapper\"><img decoding=\"async\" src=\"https:\/\/www.trzy.be\/wp-content\/uploads\/2018\/09\/cam035_0010000-1.jpg\" alt=\"\" class=\"preview\"\/><\/div>\n<\/div>\n<\/div>\n<\/div>\n<\/div>\n<\/div>\n<\/div>\n<div class=\"standard_wrapper\">\n<div  class=\"one_third withsmallpadding ppb_text\" style=\"margin-bottom: 0 !important;padding:30px 0 30px 0;\" >\n<div class=\"standard_wrapper\">\n<div class=\"page_content_wrapper\">\n<div class=\"inner\">\n<div style=\"margin:auto;width:100%\">\n<h5 style=\"text-align: left;\">Projekty indywidualne domow<\/h5>\n<hr \/>\n<p style=\"text-align: left;\">Analiza dzia\u0142ki i Miejscowego Planu Zagospodarowania Przestrzennego pod k\u0105tem oceny mo\u017cliwo\u015bci zabudowy<br \/>\nPomoc przy uzyskaniu Warunk\u00f3w Zabudowy<br \/>\nProjekt koncepcyjny<br \/>\nProjekt budowlany<br \/>\nProjekt wykonawczy<br \/>\nNadz\u00f3r autorski<\/p>\n<\/div>\n<\/div>\n<\/div>\n<\/div>\n<\/div>\n<\/div>\n<div class=\"standard_wrapper\">\n<div  class=\"one_third withsmallpadding ppb_text\" style=\"margin-bottom: 0 !important;padding:30px 0 30px 0;\" >\n<div class=\"standard_wrapper\">\n<div class=\"page_content_wrapper\">\n<div class=\"inner\">\n<div style=\"margin:auto;width:100%\">\n<h5 style=\"text-align: left;\">Projekty wn\u0119trz prywatnych<\/h5>\n<hr \/>\n<p style=\"text-align: left;\">Projekt koncepcyjny funkcjonalny<br \/>\nProjekt koncepcyjny estetyczny<br \/>\nProjekt wykonawczy<br \/>\nSzczeg\u00f3\u0142owe zestawienia materia\u0142owe i ilo\u015bciowe<br \/>\nNadz\u00f3r autorski<\/p>\n<\/div>\n<\/div>\n<\/div>\n<\/div>\n<\/div>\n<\/div>\n<div class=\"standard_wrapper\">\n<div  class=\"one_third last withsmallpadding ppb_text\" style=\"margin-bottom: 0 !important;padding:30px 0 30px 0;\" >\n<div class=\"standard_wrapper\">\n<div class=\"page_content_wrapper\">\n<div class=\"inner\">\n<div style=\"margin:auto;width:100%\">\n<h5 style=\"text-align: left;\">Projekty wn\u0119trz biurowych<b><br \/>\n<\/b><\/h5>\n<hr \/>\n<p style=\"text-align: left;\"><b><\/b>Projekt koncepcyjny<br \/>\nProjekt Wykonawczy<br \/>\nSzczeg\u00f3\u0142owe zestawienia ilo\u015bciowe i materia\u0142owe<br \/>\nNadz\u00f3r autorski<\/p>\n<\/div>\n<\/div>\n<\/div>\n<\/div>\n<\/div>\n<\/div>\n<div class=\"divider one\">&nbsp;<\/div>\n<div class=\"divider one\">&nbsp;<\/div>\n<div class=\"standard_wrapper\">\n<div  class=\"one_half withsmallpadding ppb_text\" style=\"padding:30px 0 30px 0;\" >\n<div class=\"standard_wrapper\">\n<div class=\"page_content_wrapper\">\n<div class=\"inner\">\n<div style=\"margin:auto;width:100%\">\n<h5 style=\"text-align: center;\"><strong>Nie znalaz\u0142e\u015b potrzebnych informacji?<\/strong><\/h5>\n<p style=\"text-align: center;\"><a href=\"https:\/\/www.trzy.be\/?page_id=24\">Skontaktuj si\u0119 z nami<\/a>\u00a0&#8211; spr\u00f3bujemy odpowiedzie\u0107 na wszystkie pytania<\/p>\n<p style=\"text-align: center;\"><a href=\"https:\/\/www.trzy.be\/?page_id=24\">\u00a0[ KONTAKT ]<\/a><\/p>\n<\/div>\n<\/div>\n<\/div>\n<\/div>\n<\/div>\n<\/div>\n<div class=\"standard_wrapper\">\n<div  class=\"one_half last withsmallpadding ppb_text\" style=\"padding:30px 0 30px 0;\" >\n<div class=\"standard_wrapper\">\n<div class=\"page_content_wrapper\">\n<div class=\"inner\">\n<div style=\"margin:auto;width:100%\">\n<h5 style=\"text-align: center;\">\u00a0<strong>Jeste\u015b zainteresowany wsp\u00f3\u0142prac\u0105?<\/strong><\/h5>\n<p style=\"text-align: center;\">Zobacz jak pracujemy i skontaktuj si\u0119 z nami.<\/p>\n<p style=\"text-align: center;\"><a href=\"https:\/\/www.trzy.be\/?page_id=115\">[ JAK PRACUJEMY ]<\/a> <a href=\"https:\/\/www.trzy.be\/?page_id=24\">[ KONTAKT ]<\/a><\/p>\n<\/div>\n<\/div>\n<\/div>\n<\/div>\n<\/div>\n<\/div>\n","protected":false},"excerpt":{"rendered":"","protected":false},"author":1,"featured_media":0,"parent":0,"menu_order":54,"comment_status":"closed","ping_status":"closed","template":"","meta":{"footnotes":""},"class_list":["post-1742","page","type-page","status-publish","hentry"],"_links":{"self":[{"href":"https:\/\/www.trzy.be\/index.php?rest_route=\/wp\/v2\/pages\/1742","targetHints":{"allow":["GET"]}}],"collection":[{"href":"https:\/\/www.trzy.be\/index.php?rest_route=\/wp\/v2\/pages"}],"about":[{"href":"https:\/\/www.trzy.be\/index.php?rest_route=\/wp\/v2\/types\/page"}],"author":[{"embeddable":true,"href":"https:\/\/www.trzy.be\/index.php?rest_route=\/wp\/v2\/users\/1"}],"replies":[{"embeddable":true,"href":"https:\/\/www.trzy.be\/index.php?rest_route=%2Fwp%2Fv2%2Fcomments&post=1742"}],"version-history":[{"count":343,"href":"https:\/\/www.trzy.be\/index.php?rest_route=\/wp\/v2\/pages\/1742\/revisions"}],"predecessor-version":[{"id":10603,"href":"https:\/\/www.trzy.be\/index.php?rest_route=\/wp\/v2\/pages\/1742\/revisions\/10603"}],"wp:attachment":[{"href":"https:\/\/www.trzy.be\/index.php?rest_route=%2Fwp%2Fv2%2Fmedia&parent=1742"}],"curies":[{"name":"wp","href":"https:\/\/api.w.org\/{rel}","templated":true}]}}