{"id":12678,"date":"2023-06-30T11:15:38","date_gmt":"2023-06-30T11:15:38","guid":{"rendered":"https:\/\/www.trzy.be\/?post_type=portfolios&#038;p=12678"},"modified":"2024-02-12T09:30:30","modified_gmt":"2024-02-12T09:30:30","slug":"058-dom-pod-wroclawiem","status":"publish","type":"portfolios","link":"https:\/\/www.trzy.be\/?portfolios=058-dom-pod-wroclawiem","title":{"rendered":"058 Dom pod Wroc\u0142awiem"},"content":{"rendered":"<div  class=\"one\" style=\"padding:0px 0 0px 0;\" >\n<div class=\"slider_wrapper\" data-autoplay=\"1\" data-timer=\"5\">\n<div class=\"flexslider tg_gallery fullwidth\" data-height=\"750\">\n<ul class=\"slides\">\n<li><img decoding=\"async\" src=\"https:\/\/www.trzy.be\/wp-content\/uploads\/2023\/06\/noc_Scena-2-front-D-N-1.jpg\" alt=\"\"\/>\n<div class=\"gallery_image_caption\"><\/div>\n<\/li>\n<li><img decoding=\"async\" src=\"https:\/\/www.trzy.be\/wp-content\/uploads\/2023\/06\/dzien_Scena-2-front-D-N-1.jpg\" alt=\"\"\/>\n<div class=\"gallery_image_caption\"><\/div>\n<\/li>\n<li><img decoding=\"async\" src=\"https:\/\/www.trzy.be\/wp-content\/uploads\/2023\/06\/noc_Scena-10-D-N.jpg\" alt=\"\"\/>\n<div class=\"gallery_image_caption\"><\/div>\n<\/li>\n<li><img decoding=\"async\" src=\"https:\/\/www.trzy.be\/wp-content\/uploads\/2023\/06\/dzien_Scena-10-D-N.jpg\" alt=\"\"\/>\n<div class=\"gallery_image_caption\"><\/div>\n<\/li>\n<li><img decoding=\"async\" src=\"https:\/\/www.trzy.be\/wp-content\/uploads\/2023\/06\/noc_Scena-57.jpg\" alt=\"\"\/>\n<div class=\"gallery_image_caption\"><\/div>\n<\/li>\n<li><img decoding=\"async\" src=\"https:\/\/www.trzy.be\/wp-content\/uploads\/2023\/06\/dzien_Scena-57.jpg\" alt=\"\"\/>\n<div class=\"gallery_image_caption\"><\/div>\n<\/li>\n<li><img decoding=\"async\" src=\"https:\/\/www.trzy.be\/wp-content\/uploads\/2023\/06\/dzien_Scena-7-taras-na-wprost-DN.jpg\" alt=\"\"\/>\n<div class=\"gallery_image_caption\"><\/div>\n<\/li>\n<li><img decoding=\"async\" src=\"https:\/\/www.trzy.be\/wp-content\/uploads\/2023\/06\/noc_Scena-60-1.jpg\" alt=\"\"\/>\n<div class=\"gallery_image_caption\"><\/div>\n<\/li>\n<li><img decoding=\"async\" src=\"https:\/\/www.trzy.be\/wp-content\/uploads\/2023\/06\/dzien_Scena-60.jpg\" alt=\"\"\/>\n<div class=\"gallery_image_caption\"><\/div>\n<\/li>\n<li><img decoding=\"async\" src=\"https:\/\/www.trzy.be\/wp-content\/uploads\/2023\/06\/noc_Scena-62.jpg\" alt=\"\"\/>\n<div class=\"gallery_image_caption\"><\/div>\n<\/li>\n<li><img decoding=\"async\" src=\"https:\/\/www.trzy.be\/wp-content\/uploads\/2023\/06\/dzien_Scena-62.jpg\" alt=\"\"\/>\n<div class=\"gallery_image_caption\"><\/div>\n<\/li>\n<li><img decoding=\"async\" src=\"https:\/\/www.trzy.be\/wp-content\/uploads\/2023\/06\/dzien_Scena-63.jpg\" alt=\"\"\/>\n<div class=\"gallery_image_caption\"><\/div>\n<\/li>\n<li><img decoding=\"async\" src=\"https:\/\/www.trzy.be\/wp-content\/uploads\/2023\/06\/noc_Scena-12-V2-DN.jpg\" alt=\"\"\/>\n<div class=\"gallery_image_caption\"><\/div>\n<\/li>\n<li><img decoding=\"async\" src=\"https:\/\/www.trzy.be\/wp-content\/uploads\/2023\/06\/noc_Scena-12-V1-DN.jpg\" alt=\"\"\/>\n<div class=\"gallery_image_caption\"><\/div>\n<\/li>\n<li><img decoding=\"async\" src=\"https:\/\/www.trzy.be\/wp-content\/uploads\/2023\/06\/noc_Scena-11-boczny-taras-DN.jpg\" alt=\"\"\/>\n<div class=\"gallery_image_caption\"><\/div>\n<\/li>\n<li><img decoding=\"async\" src=\"https:\/\/www.trzy.be\/wp-content\/uploads\/2023\/06\/dzien_Scena-11-boczny-taras-DN.jpg\" alt=\"\"\/>\n<div class=\"gallery_image_caption\"><\/div>\n<\/li>\n<\/ul>\n<\/div>\n<\/div>\n<\/div>\n<div class=\"standard_wrapper\">\n<div  class=\"one_third withsmallpadding ppb_header \" style=\"text-align:left;padding:30px 0 30px 0;\" >\n<div class=\"page_content_wrapper\">\n<div class=\"inner\">\n<div style=\"margin:auto;width:100%\">\n<h2 class=\"ppb_title\" style=\"\">Dom pod Wroc\u0142awiem <\/h2>\n<hr class=\"title_break left\" style=\"\"\/>\n<div class=\"ppb_header_content\">\n<p><strong>Zakres opracowania:<\/strong> Projekt koncepcyjny, projekt budowlany i wykonawczy budynku jednorodzinnego<br \/>\n<strong>Powierzchnia u\u017cytkowa budynku:<\/strong> 330 m2<br \/>\n<strong>Inwestor:<\/strong> Prywatny<br \/>\n<strong>Lokalizacja:<\/strong> pod Wroc\u0142awiem<br \/>\n<strong>Projekt: <\/strong>2023<br \/>\n<strong>Realizacja: <\/strong>2024 &#8211; &#8230;&#8230;.<\/p>\n<\/div>\n<\/div>\n<\/div>\n<\/div>\n<\/div>\n<\/div>\n<div class=\"standard_wrapper\">\n<div  class=\"two_third last withsmallpadding ppb_text\" style=\"padding:30px 0 30px 0;\" >\n<div class=\"standard_wrapper\">\n<div class=\"page_content_wrapper\">\n<div class=\"inner\">\n<div style=\"margin:auto;width:100%\">\n<p>W tym projekcie na dzia\u0142ce z do\u015b\u0107 du\u017c\u0105 ilo\u015bci\u0105 ogranicze\u0144 wynikaj\u0105cych z planu miejscowego musieli\u015bmy poradzi\u0107 sobie ze zmieszczeniem rozbudowanych wymaga\u0144 inwestor\u00f3w je\u015bli chodzi o program funkcjonalny. <\/p>\n<p>Poza standardowymi sypialniami dla rodziny 2+2, stref\u0105 sypialni master z w\u0142asn\u0105 \u0142azienk\u0105 i garderob\u0105 walk-in, kuchni\u0105, przestronnym salonem, jadalni\u0105 i pomieszczeniami gospodarczymi, uda\u0142o nam si\u0119 zmie\u015bci\u0107 r\u00f3wnie\u017c spore domowe biuro, stref\u0119 rodzinnej bawialni, si\u0142owni\u0119 i dwustanowiskowy gara\u017c.<br \/>\nInwestorzy marzyli r\u00f3wnie\u017c o wysokiej, dwukondygnacyjnej przestrzeni w strefie dziennej. <\/p>\n<p>Zale\u017ca\u0142o nam na tym, by mimo du\u017cego metra\u017cu dom by\u0142 zgrabny w formie, nie przyt\u0142oczy\u0142 dzia\u0142ki i pozostawi\u0142 du\u017c\u0105 przestrze\u0144 ogrodu dla dzieci do zabawy, a tak\u017ce rodzinnych aktywno\u015bci i wypoczynku.<\/p>\n<p>Bardzo wa\u017cnym elementem ka\u017cdego z naszych projekt\u00f3w jest strefa wej\u015bciowa. Powinna by\u0107 atrakcyjna wizualnie, mie\u0107 czytelna komunikacje, powinna pozwoli\u0107 schowa\u0107 si\u0119 przed deszczem gdy szukamy kluczy by otworzy\u0107 drzwi. W tym projekcie uda\u0142o si\u0119 takie zadaszenie uzyska\u0107 wysuni\u0119ciem g\u00f3rnej kondygnacji nad stref\u0119 wej\u015bcia. <\/p>\n<p>Bardzo wa\u017cne by\u0142y dla nas r\u00f3wnie\u017c relacje funkcji we wn\u0119trzach z przydomowymi strefami zewn\u0119trznymi, kt\u00f3rych mamy w tym przypadku kilka i wszystkie przylegaj\u0105 bezpo\u015brednio do budynku. Naszym zadaniem by\u0142o sprawienie, by wsp\u00f3\u0142gra\u0142y z architektura obiektu, jednocze\u015bnie oferuj\u0105c wygodne, funkcjonalne miejsce do sp\u0119dzenia czasu z rodzin\u0105 czy wi\u0119ksz\u0105 grup\u0105 znajomych. Uwzgl\u0119dniaj\u0105  one r\u00f3\u017cne mo\u017cliwe warunki atmosferyczne jak s\u0142o\u0144ce czy deszcz i oferuj\u0105 odpowiedni\u0105 form\u0119 schronienia.<\/p>\n<p> Mamy tutaj taras zas\u0142oni\u0119ty zadaszeniem sta\u0142ym, z miejscem do grillowania, taras cz\u0119\u015bciowo przes\u0142oni\u0119ty, przekryty zadaszeniem a\u017curowym, kt\u00f3re cz\u0119\u015bciowo zacienia, wpuszczaj\u0105c jednak \u015bwiat\u0142o do jadalni i salonu. W niedalekiej odleg\u0142o\u015bci od tarasu zaprojektowali\u015bmy bezpieczne utwardzone miejsce na ognisko z siedziskami.<br \/>\nDodatkowo zauwa\u017cyli\u015bmy mo\u017cliwo\u015b\u0107 stworzenia te\u017c ma\u0142ego zadaszonego tarasu na porann\u0105 kaw\u0119 w promieniach s\u0142o\u0144ca przylegaj\u0105cego bezpo\u015brednio do kuchni. <\/p>\n<p>Inwestorzy wyrazili te\u017c marzenie o tym, by w przysz\u0142o\u015bci na ich dzia\u0142ce pojawi\u0142 si\u0119 basen. Projektuj\u0105c takie elementy stawiamy du\u017cy nacisk na bezpiecze\u0144stwo wszystkich u\u017cytkownik\u00f3w. W tym wypadku z uwagi na dzieci inwestor\u00f3w zaproponowali\u015bmy mobiln\u0105 platform\u0119 kt\u00f3ra zamknie basen gdy nie ma ich  w domu a jednocze\u015bnie mo\u017ce s\u0142u\u017cy\u0107 jako taras. <\/p>\n<p>Elewacje podzieli\u015bmy kolorystycznie i materia\u0142owo na cz\u0119\u015b\u0107 w p\u0142ytce klinkierowej i bia\u0142ym tynku. Bry\u0142a parteru w p\u0142ytce klinkierowej b\u0119dzie bezproblemowa w obs\u0142udze zw\u0142aszcza przy bawi\u0105cych si\u0119 w ogrodzie dzieciach,, natomiast bia\u0142a otynkowana g\u00f3rna cz\u0119\u015b\u0107 budynku daje ca\u0142o\u015bci czysto\u015bci i lekko\u015bci.<\/p>\n<\/div>\n<\/div>\n<\/div>\n<\/div>\n<\/div>\n<\/div>\n<div  class=\"one withsmallpadding ppb_header \" style=\"text-align:left;padding:30px 0 30px 0;\" >\n<div class=\"standard_wrapper\">\n<div class=\"page_content_wrapper\">\n<div class=\"inner\">\n<div style=\"margin:auto;width:100%\">\n<div class=\"ppb_subtitle\" style=\"\">linki do artyku\u0142\u00f3w<\/div>\n<h2 class=\"ppb_title\" style=\"\">o projekcie napisali<\/h2>\n<\/div>\n<\/div>\n<\/div>\n<\/div>\n<\/div>\n<div class=\"standard_wrapper\">\n<div  class=\"one_fourth withsmallpadding ppb_text\" style=\"padding:30px 0 30px 0;\" >\n<div class=\"standard_wrapper\">\n<div class=\"page_content_wrapper\">\n<div class=\"inner\">\n<div style=\"margin:auto;width:100%\">\n<p><a href=\"https:\/\/nowoczesnastodola.pl\/inspiracje\/dom-pod-wroclawiem\/\" rel=\"noopener\" target=\"_blank\"><img loading=\"lazy\" decoding=\"async\" loading=\"lazy\" src=\"https:\/\/www.trzy.be\/wp-content\/uploads\/2023\/06\/Zrzut-ekranu-2022-02-2-o-19.04.50.png\" alt=\"\" width=\"678\" height=\"212\" class=\"alignnone size-full wp-image-13077\" \/><\/a><\/p>\n<\/div>\n<\/div>\n<\/div>\n<\/div>\n<\/div>\n<\/div>\n<div class=\"standard_wrapper\">\n<div  class=\"one_fourth withsmallpadding ppb_text\" style=\"padding:30px 0 30px 0;\" >\n<div class=\"standard_wrapper\">\n<div class=\"page_content_wrapper\">\n<div class=\"inner\">\n<div style=\"margin:auto;width:100%\">\n<p><a href=\"https:\/\/domzcegly.pl\/projekty-architektow\/dzc-0746\" rel=\"noopener\" target=\"_blank\"><img loading=\"lazy\" decoding=\"async\" loading=\"lazy\" src=\"https:\/\/www.trzy.be\/wp-content\/uploads\/2022\/09\/dom_z_cegly_LOGO.png\" alt=\"\" width=\"392\" height=\"90\" class=\"alignnone size-full wp-image-13173\" \/><\/a><\/p>\n<\/div>\n<\/div>\n<\/div>\n<\/div>\n<\/div>\n<\/div>\n","protected":false},"excerpt":{"rendered":"<p>Projekt domu jednorodzinnego \/ 2023<\/p>\n","protected":false},"featured_media":13018,"comment_status":"closed","ping_status":"closed","template":"","portfoliosets":[4,48],"class_list":["post-12678","portfolios","type-portfolios","status-publish","has-post-thumbnail","hentry","portfoliosets-archi","portfoliosets-wybrane"],"_links":{"self":[{"href":"https:\/\/www.trzy.be\/index.php?rest_route=\/wp\/v2\/portfolios\/12678","targetHints":{"allow":["GET"]}}],"collection":[{"href":"https:\/\/www.trzy.be\/index.php?rest_route=\/wp\/v2\/portfolios"}],"about":[{"href":"https:\/\/www.trzy.be\/index.php?rest_route=\/wp\/v2\/types\/portfolios"}],"replies":[{"embeddable":true,"href":"https:\/\/www.trzy.be\/index.php?rest_route=%2Fwp%2Fv2%2Fcomments&post=12678"}],"wp:featuredmedia":[{"embeddable":true,"href":"https:\/\/www.trzy.be\/index.php?rest_route=\/wp\/v2\/media\/13018"}],"wp:attachment":[{"href":"https:\/\/www.trzy.be\/index.php?rest_route=%2Fwp%2Fv2%2Fmedia&parent=12678"}],"wp:term":[{"taxonomy":"portfoliosets","embeddable":true,"href":"https:\/\/www.trzy.be\/index.php?rest_route=%2Fwp%2Fv2%2Fportfoliosets&post=12678"}],"curies":[{"name":"wp","href":"https:\/\/api.w.org\/{rel}","templated":true}]}}

058 Dom pod Wrocławiem

<div  class="one" style="padding:0px 0 0px 0;" >
<div class="slider_wrapper" data-autoplay="1" data-timer="5">
<div class="flexslider tg_gallery fullwidth" data-height="750">
<ul class="slides">
<li><img decoding="async" src="https://www.trzy.be/wp-content/uploads/2023/06/noc_Scena-2-front-D-N-1.jpg" alt=""/>
<div class="gallery_image_caption"></div>
</li>
<li><img decoding="async" src="https://www.trzy.be/wp-content/uploads/2023/06/dzien_Scena-2-front-D-N-1.jpg" alt=""/>
<div class="gallery_image_caption"></div>
</li>
<li><img decoding="async" src="https://www.trzy.be/wp-content/uploads/2023/06/noc_Scena-10-D-N.jpg" alt=""/>
<div class="gallery_image_caption"></div>
</li>
<li><img decoding="async" src="https://www.trzy.be/wp-content/uploads/2023/06/dzien_Scena-10-D-N.jpg" alt=""/>
<div class="gallery_image_caption"></div>
</li>
<li><img decoding="async" src="https://www.trzy.be/wp-content/uploads/2023/06/noc_Scena-57.jpg" alt=""/>
<div class="gallery_image_caption"></div>
</li>
<li><img decoding="async" src="https://www.trzy.be/wp-content/uploads/2023/06/dzien_Scena-57.jpg" alt=""/>
<div class="gallery_image_caption"></div>
</li>
<li><img decoding="async" src="https://www.trzy.be/wp-content/uploads/2023/06/dzien_Scena-7-taras-na-wprost-DN.jpg" alt=""/>
<div class="gallery_image_caption"></div>
</li>
<li><img decoding="async" src="https://www.trzy.be/wp-content/uploads/2023/06/noc_Scena-60-1.jpg" alt=""/>
<div class="gallery_image_caption"></div>
</li>
<li><img decoding="async" src="https://www.trzy.be/wp-content/uploads/2023/06/dzien_Scena-60.jpg" alt=""/>
<div class="gallery_image_caption"></div>
</li>
<li><img decoding="async" src="https://www.trzy.be/wp-content/uploads/2023/06/noc_Scena-62.jpg" alt=""/>
<div class="gallery_image_caption"></div>
</li>
<li><img decoding="async" src="https://www.trzy.be/wp-content/uploads/2023/06/dzien_Scena-62.jpg" alt=""/>
<div class="gallery_image_caption"></div>
</li>
<li><img decoding="async" src="https://www.trzy.be/wp-content/uploads/2023/06/dzien_Scena-63.jpg" alt=""/>
<div class="gallery_image_caption"></div>
</li>
<li><img decoding="async" src="https://www.trzy.be/wp-content/uploads/2023/06/noc_Scena-12-V2-DN.jpg" alt=""/>
<div class="gallery_image_caption"></div>
</li>
<li><img decoding="async" src="https://www.trzy.be/wp-content/uploads/2023/06/noc_Scena-12-V1-DN.jpg" alt=""/>
<div class="gallery_image_caption"></div>
</li>
<li><img decoding="async" src="https://www.trzy.be/wp-content/uploads/2023/06/noc_Scena-11-boczny-taras-DN.jpg" alt=""/>
<div class="gallery_image_caption"></div>
</li>
<li><img decoding="async" src="https://www.trzy.be/wp-content/uploads/2023/06/dzien_Scena-11-boczny-taras-DN.jpg" alt=""/>
<div class="gallery_image_caption"></div>
</li>
</ul>
</div>
</div>
</div>
<div class="standard_wrapper">
<div  class="one_third withsmallpadding ppb_header " style="text-align:left;padding:30px 0 30px 0;" >
<div class="page_content_wrapper">
<div class="inner">
<div style="margin:auto;width:100%">
<h2 class="ppb_title" style="">Dom pod Wrocławiem </h2>
<hr class="title_break left" style=""/>
<div class="ppb_header_content">
<p><strong>Zakres opracowania:</strong> Projekt koncepcyjny, projekt budowlany i wykonawczy budynku jednorodzinnego<br />
<strong>Powierzchnia użytkowa budynku:</strong> 330 m2<br />
<strong>Inwestor:</strong> Prywatny<br />
<strong>Lokalizacja:</strong> pod Wrocławiem<br />
<strong>Projekt: </strong>2023<br />
<strong>Realizacja: </strong>2024 &#8211; &#8230;&#8230;.</p>
</div>
</div>
</div>
</div>
</div>
</div>
<div class="standard_wrapper">
<div  class="two_third last withsmallpadding ppb_text" style="padding:30px 0 30px 0;" >
<div class="standard_wrapper">
<div class="page_content_wrapper">
<div class="inner">
<div style="margin:auto;width:100%">
<p>W tym projekcie na działce z dość dużą ilością ograniczeń wynikających z planu miejscowego musieliśmy poradzić sobie ze zmieszczeniem rozbudowanych wymagań inwestorów jeśli chodzi o program funkcjonalny. </p>
<p>Poza standardowymi sypialniami dla rodziny 2+2, strefą sypialni master z własną łazienką i garderobą walk-in, kuchnią, przestronnym salonem, jadalnią i pomieszczeniami gospodarczymi, udało nam się zmieścić również spore domowe biuro, strefę rodzinnej bawialni, siłownię i dwustanowiskowy garaż.<br />
Inwestorzy marzyli również o wysokiej, dwukondygnacyjnej przestrzeni w strefie dziennej. </p>
<p>Zależało nam na tym, by mimo dużego metrażu dom był zgrabny w formie, nie przytłoczył działki i pozostawił dużą przestrzeń ogrodu dla dzieci do zabawy, a także rodzinnych aktywności i wypoczynku.</p>
<p>Bardzo ważnym elementem każdego z naszych projektów jest strefa wejściowa. Powinna być atrakcyjna wizualnie, mieć czytelna komunikacje, powinna pozwolić schować się przed deszczem gdy szukamy kluczy by otworzyć drzwi. W tym projekcie udało się takie zadaszenie uzyskać wysunięciem górnej kondygnacji nad strefę wejścia. </p>
<p>Bardzo ważne były dla nas również relacje funkcji we wnętrzach z przydomowymi strefami zewnętrznymi, których mamy w tym przypadku kilka i wszystkie przylegają bezpośrednio do budynku. Naszym zadaniem było sprawienie, by współgrały z architektura obiektu, jednocześnie oferując wygodne, funkcjonalne miejsce do spędzenia czasu z rodziną czy większą grupą znajomych. Uwzględniają  one różne możliwe warunki atmosferyczne jak słońce czy deszcz i oferują odpowiednią formę schronienia.</p>
<p> Mamy tutaj taras zasłonięty zadaszeniem stałym, z miejscem do grillowania, taras częściowo przesłonięty, przekryty zadaszeniem ażurowym, które częściowo zacienia, wpuszczając jednak światło do jadalni i salonu. W niedalekiej odległości od tarasu zaprojektowaliśmy bezpieczne utwardzone miejsce na ognisko z siedziskami.<br />
Dodatkowo zauważyliśmy możliwość stworzenia też małego zadaszonego tarasu na poranną kawę w promieniach słońca przylegającego bezpośrednio do kuchni. </p>
<p>Inwestorzy wyrazili też marzenie o tym, by w przyszłości na ich działce pojawił się basen. Projektując takie elementy stawiamy duży nacisk na bezpieczeństwo wszystkich użytkowników. W tym wypadku z uwagi na dzieci inwestorów zaproponowaliśmy mobilną platformę która zamknie basen gdy nie ma ich  w domu a jednocześnie może służyć jako taras. </p>
<p>Elewacje podzieliśmy kolorystycznie i materiałowo na część w płytce klinkierowej i białym tynku. Bryła parteru w płytce klinkierowej będzie bezproblemowa w obsłudze zwłaszcza przy bawiących się w ogrodzie dzieciach,, natomiast biała otynkowana górna część budynku daje całości czystości i lekkości.</p>
</div>
</div>
</div>
</div>
</div>
</div>
<div  class="one withsmallpadding ppb_header " style="text-align:left;padding:30px 0 30px 0;" >
<div class="standard_wrapper">
<div class="page_content_wrapper">
<div class="inner">
<div style="margin:auto;width:100%">
<div class="ppb_subtitle" style="">linki do artykułów</div>
<h2 class="ppb_title" style="">o projekcie napisali</h2>
</div>
</div>
</div>
</div>
</div>
<div class="standard_wrapper">
<div  class="one_fourth withsmallpadding ppb_text" style="padding:30px 0 30px 0;" >
<div class="standard_wrapper">
<div class="page_content_wrapper">
<div class="inner">
<div style="margin:auto;width:100%">
<p><a href="https://nowoczesnastodola.pl/inspiracje/dom-pod-wroclawiem/" rel="noopener" target="_blank"><img loading="lazy" decoding="async" loading="lazy" src="https://www.trzy.be/wp-content/uploads/2023/06/Zrzut-ekranu-2022-02-2-o-19.04.50.png" alt="" width="678" height="212" class="alignnone size-full wp-image-13077" /></a></p>
</div>
</div>
</div>
</div>
</div>
</div>
<div class="standard_wrapper">
<div  class="one_fourth withsmallpadding ppb_text" style="padding:30px 0 30px 0;" >
<div class="standard_wrapper">
<div class="page_content_wrapper">
<div class="inner">
<div style="margin:auto;width:100%">
<p><a href="https://domzcegly.pl/projekty-architektow/dzc-0746" rel="noopener" target="_blank"><img loading="lazy" decoding="async" loading="lazy" src="https://www.trzy.be/wp-content/uploads/2022/09/dom_z_cegly_LOGO.png" alt="" width="392" height="90" class="alignnone size-full wp-image-13173" /></a></p>
</div>
</div>
</div>
</div>
</div>
</div>
