{"id":12810,"date":"2023-07-26T13:26:50","date_gmt":"2023-07-26T13:26:50","guid":{"rendered":"https:\/\/www.trzy.be\/?post_type=portfolios&#038;p=12810"},"modified":"2025-10-14T15:30:18","modified_gmt":"2025-10-14T15:30:18","slug":"d059-dom-nad-jeziorem","status":"publish","type":"portfolios","link":"https:\/\/www.trzy.be\/?portfolios=d059-dom-nad-jeziorem","title":{"rendered":"D059 &#8211; Dom nad Jeziorem"},"content":{"rendered":"<div  class=\"one\" style=\"padding:0px 0 0px 0;\" >\n<div class=\"slider_wrapper\" data-autoplay=\"1\" data-timer=\"15\">\n<div class=\"flexslider tg_gallery fullwidth\" data-height=\"750\">\n<ul class=\"slides\">\n<li><img decoding=\"async\" src=\"https:\/\/www.trzy.be\/wp-content\/uploads\/2023\/07\/dzien_Scena-1-najazd-z-daleka.jpg\" alt=\"\"\/>\n<div class=\"gallery_image_caption\"><\/div>\n<\/li>\n<li><img decoding=\"async\" src=\"https:\/\/www.trzy.be\/wp-content\/uploads\/2023\/07\/noc__Scena-1-najazd-z-daleka.jpg\" alt=\"\"\/>\n<div class=\"gallery_image_caption\"><\/div>\n<\/li>\n<li><img decoding=\"async\" src=\"https:\/\/www.trzy.be\/wp-content\/uploads\/2023\/07\/dzien_Scena-2-przed-brama-1.jpg\" alt=\"\"\/>\n<div class=\"gallery_image_caption\"><\/div>\n<\/li>\n<li><img decoding=\"async\" src=\"https:\/\/www.trzy.be\/wp-content\/uploads\/2023\/07\/noc__Scena-2-przed-brama-1.jpg\" alt=\"\"\/>\n<div class=\"gallery_image_caption\"><\/div>\n<\/li>\n<li><img decoding=\"async\" src=\"https:\/\/www.trzy.be\/wp-content\/uploads\/2023\/07\/dzien_SCEBA-4-strefa-wjazxdowa.jpg\" alt=\"\"\/>\n<div class=\"gallery_image_caption\"><\/div>\n<\/li>\n<li><img decoding=\"async\" src=\"https:\/\/www.trzy.be\/wp-content\/uploads\/2023\/07\/noc__SCEBA-4-strefa-wjazxdowa.jpg\" alt=\"\"\/>\n<div class=\"gallery_image_caption\"><\/div>\n<\/li>\n<li><img decoding=\"async\" src=\"https:\/\/www.trzy.be\/wp-content\/uploads\/2023\/07\/dzien_Scena-8-na-wiate-3.jpg\" alt=\"\"\/>\n<div class=\"gallery_image_caption\"><\/div>\n<\/li>\n<li><img decoding=\"async\" src=\"https:\/\/www.trzy.be\/wp-content\/uploads\/2023\/07\/noc__Scena-8-na-wiate-3.jpg\" alt=\"\"\/>\n<div class=\"gallery_image_caption\"><\/div>\n<\/li>\n<li><img decoding=\"async\" src=\"https:\/\/www.trzy.be\/wp-content\/uploads\/2023\/07\/dzien_Scena-7-na-wiate-1.jpg\" alt=\"\"\/>\n<div class=\"gallery_image_caption\"><\/div>\n<\/li>\n<li><img decoding=\"async\" src=\"https:\/\/www.trzy.be\/wp-content\/uploads\/2023\/07\/noc__Scena-7-na-wiate-1.jpg\" alt=\"\"\/>\n<div class=\"gallery_image_caption\"><\/div>\n<\/li>\n<li><img decoding=\"async\" src=\"https:\/\/www.trzy.be\/wp-content\/uploads\/2023\/07\/dzien_SCENA-21-spod-wiaty-na-taras.jpg\" alt=\"\"\/>\n<div class=\"gallery_image_caption\"><\/div>\n<\/li>\n<li><img decoding=\"async\" src=\"https:\/\/www.trzy.be\/wp-content\/uploads\/2023\/07\/dzien_Scena-17.jpg\" alt=\"\"\/>\n<div class=\"gallery_image_caption\"><\/div>\n<\/li>\n<li><img decoding=\"async\" src=\"https:\/\/www.trzy.be\/wp-content\/uploads\/2023\/07\/noc__Scena-17.jpg\" alt=\"\"\/>\n<div class=\"gallery_image_caption\"><\/div>\n<\/li>\n<li><img decoding=\"async\" src=\"https:\/\/www.trzy.be\/wp-content\/uploads\/2023\/07\/noc__SCENA-5-dojscie-do-tareasu.jpg\" alt=\"\"\/>\n<div class=\"gallery_image_caption\"><\/div>\n<\/li>\n<li><img decoding=\"async\" src=\"https:\/\/www.trzy.be\/wp-content\/uploads\/2023\/07\/dzien_SCEANA-31-Widok-na-tarasy.jpg\" alt=\"\"\/>\n<div class=\"gallery_image_caption\"><\/div>\n<\/li>\n<li><img decoding=\"async\" src=\"https:\/\/www.trzy.be\/wp-content\/uploads\/2023\/07\/noc__SCEANA-31-Widok-na-tarasy.jpg\" alt=\"\"\/>\n<div class=\"gallery_image_caption\"><\/div>\n<\/li>\n<li><img decoding=\"async\" src=\"https:\/\/www.trzy.be\/wp-content\/uploads\/2023\/07\/dzien_Scena-19.jpg\" alt=\"\"\/>\n<div class=\"gallery_image_caption\"><\/div>\n<\/li>\n<li><img decoding=\"async\" src=\"https:\/\/www.trzy.be\/wp-content\/uploads\/2023\/07\/noc__Scena-19.jpg\" alt=\"\"\/>\n<div class=\"gallery_image_caption\"><\/div>\n<\/li>\n<li><img decoding=\"async\" src=\"https:\/\/www.trzy.be\/wp-content\/uploads\/2023\/07\/dzien_SCENA-24-kuchnia-i-wiata.jpg\" alt=\"\"\/>\n<div class=\"gallery_image_caption\"><\/div>\n<\/li>\n<li><img decoding=\"async\" src=\"https:\/\/www.trzy.be\/wp-content\/uploads\/2023\/07\/noc__SCENA-24-kuchnia-i-wiata.jpg\" alt=\"\"\/>\n<div class=\"gallery_image_caption\"><\/div>\n<\/li>\n<li><img decoding=\"async\" src=\"https:\/\/www.trzy.be\/wp-content\/uploads\/2023\/07\/dzien_SCENA-15-z-tarasu-na-ognisko.jpg\" alt=\"\"\/>\n<div class=\"gallery_image_caption\"><\/div>\n<\/li>\n<li><img decoding=\"async\" src=\"https:\/\/www.trzy.be\/wp-content\/uploads\/2023\/07\/noc__SCENA-15-z-tarasu-na-ognisko.jpg\" alt=\"\"\/>\n<div class=\"gallery_image_caption\"><\/div>\n<\/li>\n<li><img decoding=\"async\" src=\"https:\/\/www.trzy.be\/wp-content\/uploads\/2023\/07\/dzien_Scena-22.jpg\" alt=\"\"\/>\n<div class=\"gallery_image_caption\"><\/div>\n<\/li>\n<li><img decoding=\"async\" src=\"https:\/\/www.trzy.be\/wp-content\/uploads\/2023\/07\/noc__Scena-21.jpg\" alt=\"\"\/>\n<div class=\"gallery_image_caption\"><\/div>\n<\/li>\n<li><img decoding=\"async\" src=\"https:\/\/www.trzy.be\/wp-content\/uploads\/2023\/07\/dzien_Scena-20.jpg\" alt=\"\"\/>\n<div class=\"gallery_image_caption\"><\/div>\n<\/li>\n<li><img decoding=\"async\" src=\"https:\/\/www.trzy.be\/wp-content\/uploads\/2023\/07\/noc__Scena-20.jpg\" alt=\"\"\/>\n<div class=\"gallery_image_caption\"><\/div>\n<\/li>\n<li><img decoding=\"async\" src=\"https:\/\/www.trzy.be\/wp-content\/uploads\/2023\/07\/dzien_SCENA-25-od-ogniska-na-dom1.jpg\" alt=\"\"\/>\n<div class=\"gallery_image_caption\"><\/div>\n<\/li>\n<li><img decoding=\"async\" src=\"https:\/\/www.trzy.be\/wp-content\/uploads\/2023\/07\/noc__SCENA-25-od-ogniska-na-dom1.jpg\" alt=\"\"\/>\n<div class=\"gallery_image_caption\"><\/div>\n<\/li>\n<\/ul>\n<\/div>\n<\/div>\n<\/div>\n<div class=\"standard_wrapper\">\n<div  class=\"one_third withsmallpadding ppb_header \" style=\"text-align:left;padding:30px 0 30px 0;color:#000000;\" >\n<div class=\"page_content_wrapper\">\n<div class=\"inner\">\n<div style=\"margin:auto;width:100%\">\n<h2 class=\"ppb_title\" style=\"color:#000000;\">Dom nad jeziorem<\/h2>\n<hr class=\"title_break left\" style=\"border-color:#000000;\"\/>\n<div class=\"ppb_header_content\">\n<p><strong>Zakres opracowania:<\/strong> Projekt koncepcyjny, projekt budowlany i wykonawczy budynku jednorodzinnego<br \/>\n<strong>Powierzchnia u\u017cytkowa budynku:<\/strong> 130 m2<br \/>\n<strong>Inwestor:<\/strong> Prywatny<br \/>\n<strong>Lokalizacja:<\/strong> Wielkopolska<br \/>\n<strong>Projekt: <\/strong>2023<br \/>\n<strong>Realizacja: <\/strong>2024 &#8211; &#8230;&#8230;.<\/p>\n<\/div>\n<\/div>\n<\/div>\n<\/div>\n<\/div>\n<\/div>\n<div class=\"standard_wrapper\">\n<div  class=\"two_third last withsmallpadding ppb_text\" style=\"padding:30px 0 30px 0;color:#000000 !important;\" >\n<div class=\"standard_wrapper\">\n<div class=\"page_content_wrapper\">\n<div class=\"inner\">\n<div style=\"margin:auto;width:100%\">\n<p>Czasami projektujemy te\u017c w mniejszej skali, cho\u0107 niekoniecznie jest to \u0142atwiejsze zadanie. Prezentowany projekt, to wakacyjny domek po\u0142o\u017cony nad jednym z wielkopolskich jezior. <\/p>\n<p>Jak to ostatnio cz\u0119sto bywa &#8211; nieforemna dzia\u0142ka i zapisy miejscowego planu nie u\u0142atwia\u0142y zadania. Z naszego do\u015bwiadczenia wynika, \u017ce przy projektach o mniejszej powierzchni trzeba si\u0119 zdecydowanie bardziej natrudzi\u0107 by zmie\u015bci\u0107 wszystko co niezb\u0119dne przy zachowaniu proporcji, czysto\u015bci funkcjonalnej i konstrukcyjnej. <\/p>\n<p>To domek o do\u015b\u0107 prostym programie \u2013 w parterze jest cz\u0119\u015b\u0107 dzienna \u2013 salon i kuchnia z jadalnia, \u0142azienka i pomieszczenie gospodarcze, salon ma wysoko\u015b\u0107 dw\u00f3ch kondygnacji. Natomiast na pi\u0119trze ulokowali\u015bmy dwie niewielkie sypialnie, gabinet oraz drug\u0105 \u0142azienk\u0119. Nie ma tu miejsca na \u017cadne zb\u0119dne przestrzenie.<\/p>\n<p>Wschodnia elewacja budynku skierowana jest w stron\u0119 jeziora, dlatego otworzyli\u015bmy j\u0105 prawie ca\u0142kowicie du\u017cymi przeszkleniami, by wpu\u015bci\u0107 jak najwi\u0119cej naturalnego \u015bwiat\u0142a do wn\u0119trz, a tak\u017ce zapewni\u0107 mieszka\u0144com doskona\u0142y widok na otaczaj\u0105c\u0105 dom natur\u0119, zmieniaj\u0105c\u0105 si\u0119 przez wszystkie pory roku. Do kuchni i salonu bezpo\u015brednio przylega taras, na kt\u00f3rym zmie\u015bci si\u0119 fajny zestaw wypoczynkowy do wypicia porannej kawy w pe\u0142nym s\u0142o\u0144cu. <\/p>\n<p>Poniewa\u017c dom jest do\u015b\u0107 prosty a bry\u0142a zwarta, postanowili\u015bmy zastosowa\u0107 na elewacji r\u0119cznie formowan\u0105 p\u0142ytk\u0119 klinkierow\u0105, kt\u00f3ra nawet najprostsze budynki niesamowicie zdobi, daj\u0105c bardzo naturalny efekt i sprawiaj\u0105c, \u017ce elewacja jest bezproblemowa i w\u0142a\u015bciwie niezniszczalna. Stref\u0119 wej\u015bcia podkre\u015blili\u015bmy wci\u0119ciem w bry\u0142\u0119 budynku daj\u0105c\u0105 naturalne zadaszenie, oraz grafitowym tynkiem, podbijaj\u0105cym kolor p\u0142ytki ceglanej.<\/p>\n<\/div>\n<\/div>\n<\/div>\n<\/div>\n<\/div>\n<\/div>\n<div  class=\"one withsmallpadding ppb_header \" style=\"text-align:left;padding:30px 0 30px 0;\" >\n<div class=\"standard_wrapper\">\n<div class=\"page_content_wrapper\">\n<div class=\"inner\">\n<div style=\"margin:auto;width:100%\">\n<div class=\"ppb_subtitle\" style=\"\">LINKI DO ARTYKU\u0141\u00d3W<\/div>\n<h2 class=\"ppb_title\" style=\"\">O projekcie napisali<\/h2>\n<\/div>\n<\/div>\n<\/div>\n<\/div>\n<\/div>\n<div  class=\"one withsmallpadding ppb_text\" style=\"padding:30px 0 30px 0;\" >\n<div class=\"standard_wrapper\">\n<div class=\"page_content_wrapper\">\n<div class=\"inner\">\n<div style=\"margin:auto;width:100%\"><\/div>\n<\/div>\n<\/div>\n<\/div>\n<\/div>\n<div class=\"standard_wrapper\">\n<div  class=\"one_fourth withsmallpadding ppb_text\" style=\"padding:30px 0 30px 0;\" >\n<div class=\"standard_wrapper\">\n<div class=\"page_content_wrapper\">\n<div class=\"inner\">\n<div style=\"margin:auto;width:100%\">\n<p><a href=\"https:\/\/domzcegly.pl\/projekty-architektow\/dzc-0742\" rel=\"noopener\" target=\"_blank\"><img loading=\"lazy\" decoding=\"async\" loading=\"lazy\" src=\"https:\/\/www.trzy.be\/wp-content\/uploads\/2022\/09\/dom_z_cegly_LOGO.png\" alt=\"\" width=\"392\" height=\"90\" class=\"alignnone size-full wp-image-13173\" \/><\/a><\/p>\n<\/div>\n<\/div>\n<\/div>\n<\/div>\n<\/div>\n<\/div>\n","protected":false},"excerpt":{"rendered":"<p>Projekt domu jednorodzinnego \/ 2023<\/p>\n","protected":false},"featured_media":12750,"comment_status":"closed","ping_status":"closed","template":"","portfoliosets":[4,46],"class_list":["post-12810","portfolios","type-portfolios","status-publish","has-post-thumbnail","hentry","portfoliosets-archi","portfoliosets-nowe"],"_links":{"self":[{"href":"https:\/\/www.trzy.be\/index.php?rest_route=\/wp\/v2\/portfolios\/12810","targetHints":{"allow":["GET"]}}],"collection":[{"href":"https:\/\/www.trzy.be\/index.php?rest_route=\/wp\/v2\/portfolios"}],"about":[{"href":"https:\/\/www.trzy.be\/index.php?rest_route=\/wp\/v2\/types\/portfolios"}],"replies":[{"embeddable":true,"href":"https:\/\/www.trzy.be\/index.php?rest_route=%2Fwp%2Fv2%2Fcomments&post=12810"}],"wp:featuredmedia":[{"embeddable":true,"href":"https:\/\/www.trzy.be\/index.php?rest_route=\/wp\/v2\/media\/12750"}],"wp:attachment":[{"href":"https:\/\/www.trzy.be\/index.php?rest_route=%2Fwp%2Fv2%2Fmedia&parent=12810"}],"wp:term":[{"taxonomy":"portfoliosets","embeddable":true,"href":"https:\/\/www.trzy.be\/index.php?rest_route=%2Fwp%2Fv2%2Fportfoliosets&post=12810"}],"curies":[{"name":"wp","href":"https:\/\/api.w.org\/{rel}","templated":true}]}}

<div  class="one" style="padding:0px 0 0px 0;" >
<div class="slider_wrapper" data-autoplay="1" data-timer="15">
<div class="flexslider tg_gallery fullwidth" data-height="750">
<ul class="slides">
<li><img decoding="async" src="https://www.trzy.be/wp-content/uploads/2023/07/dzien_Scena-1-najazd-z-daleka.jpg" alt=""/>
<div class="gallery_image_caption"></div>
</li>
<li><img decoding="async" src="https://www.trzy.be/wp-content/uploads/2023/07/noc__Scena-1-najazd-z-daleka.jpg" alt=""/>
<div class="gallery_image_caption"></div>
</li>
<li><img decoding="async" src="https://www.trzy.be/wp-content/uploads/2023/07/dzien_Scena-2-przed-brama-1.jpg" alt=""/>
<div class="gallery_image_caption"></div>
</li>
<li><img decoding="async" src="https://www.trzy.be/wp-content/uploads/2023/07/noc__Scena-2-przed-brama-1.jpg" alt=""/>
<div class="gallery_image_caption"></div>
</li>
<li><img decoding="async" src="https://www.trzy.be/wp-content/uploads/2023/07/dzien_SCEBA-4-strefa-wjazxdowa.jpg" alt=""/>
<div class="gallery_image_caption"></div>
</li>
<li><img decoding="async" src="https://www.trzy.be/wp-content/uploads/2023/07/noc__SCEBA-4-strefa-wjazxdowa.jpg" alt=""/>
<div class="gallery_image_caption"></div>
</li>
<li><img decoding="async" src="https://www.trzy.be/wp-content/uploads/2023/07/dzien_Scena-8-na-wiate-3.jpg" alt=""/>
<div class="gallery_image_caption"></div>
</li>
<li><img decoding="async" src="https://www.trzy.be/wp-content/uploads/2023/07/noc__Scena-8-na-wiate-3.jpg" alt=""/>
<div class="gallery_image_caption"></div>
</li>
<li><img decoding="async" src="https://www.trzy.be/wp-content/uploads/2023/07/dzien_Scena-7-na-wiate-1.jpg" alt=""/>
<div class="gallery_image_caption"></div>
</li>
<li><img decoding="async" src="https://www.trzy.be/wp-content/uploads/2023/07/noc__Scena-7-na-wiate-1.jpg" alt=""/>
<div class="gallery_image_caption"></div>
</li>
<li><img decoding="async" src="https://www.trzy.be/wp-content/uploads/2023/07/dzien_SCENA-21-spod-wiaty-na-taras.jpg" alt=""/>
<div class="gallery_image_caption"></div>
</li>
<li><img decoding="async" src="https://www.trzy.be/wp-content/uploads/2023/07/dzien_Scena-17.jpg" alt=""/>
<div class="gallery_image_caption"></div>
</li>
<li><img decoding="async" src="https://www.trzy.be/wp-content/uploads/2023/07/noc__Scena-17.jpg" alt=""/>
<div class="gallery_image_caption"></div>
</li>
<li><img decoding="async" src="https://www.trzy.be/wp-content/uploads/2023/07/noc__SCENA-5-dojscie-do-tareasu.jpg" alt=""/>
<div class="gallery_image_caption"></div>
</li>
<li><img decoding="async" src="https://www.trzy.be/wp-content/uploads/2023/07/dzien_SCEANA-31-Widok-na-tarasy.jpg" alt=""/>
<div class="gallery_image_caption"></div>
</li>
<li><img decoding="async" src="https://www.trzy.be/wp-content/uploads/2023/07/noc__SCEANA-31-Widok-na-tarasy.jpg" alt=""/>
<div class="gallery_image_caption"></div>
</li>
<li><img decoding="async" src="https://www.trzy.be/wp-content/uploads/2023/07/dzien_Scena-19.jpg" alt=""/>
<div class="gallery_image_caption"></div>
</li>
<li><img decoding="async" src="https://www.trzy.be/wp-content/uploads/2023/07/noc__Scena-19.jpg" alt=""/>
<div class="gallery_image_caption"></div>
</li>
<li><img decoding="async" src="https://www.trzy.be/wp-content/uploads/2023/07/dzien_SCENA-24-kuchnia-i-wiata.jpg" alt=""/>
<div class="gallery_image_caption"></div>
</li>
<li><img decoding="async" src="https://www.trzy.be/wp-content/uploads/2023/07/noc__SCENA-24-kuchnia-i-wiata.jpg" alt=""/>
<div class="gallery_image_caption"></div>
</li>
<li><img decoding="async" src="https://www.trzy.be/wp-content/uploads/2023/07/dzien_SCENA-15-z-tarasu-na-ognisko.jpg" alt=""/>
<div class="gallery_image_caption"></div>
</li>
<li><img decoding="async" src="https://www.trzy.be/wp-content/uploads/2023/07/noc__SCENA-15-z-tarasu-na-ognisko.jpg" alt=""/>
<div class="gallery_image_caption"></div>
</li>
<li><img decoding="async" src="https://www.trzy.be/wp-content/uploads/2023/07/dzien_Scena-22.jpg" alt=""/>
<div class="gallery_image_caption"></div>
</li>
<li><img decoding="async" src="https://www.trzy.be/wp-content/uploads/2023/07/noc__Scena-21.jpg" alt=""/>
<div class="gallery_image_caption"></div>
</li>
<li><img decoding="async" src="https://www.trzy.be/wp-content/uploads/2023/07/dzien_Scena-20.jpg" alt=""/>
<div class="gallery_image_caption"></div>
</li>
<li><img decoding="async" src="https://www.trzy.be/wp-content/uploads/2023/07/noc__Scena-20.jpg" alt=""/>
<div class="gallery_image_caption"></div>
</li>
<li><img decoding="async" src="https://www.trzy.be/wp-content/uploads/2023/07/dzien_SCENA-25-od-ogniska-na-dom1.jpg" alt=""/>
<div class="gallery_image_caption"></div>
</li>
<li><img decoding="async" src="https://www.trzy.be/wp-content/uploads/2023/07/noc__SCENA-25-od-ogniska-na-dom1.jpg" alt=""/>
<div class="gallery_image_caption"></div>
</li>
</ul>
</div>
</div>
</div>
<div class="standard_wrapper">
<div  class="one_third withsmallpadding ppb_header " style="text-align:left;padding:30px 0 30px 0;color:#000000;" >
<div class="page_content_wrapper">
<div class="inner">
<div style="margin:auto;width:100%">
<h2 class="ppb_title" style="color:#000000;">Dom nad jeziorem</h2>
<hr class="title_break left" style="border-color:#000000;"/>
<div class="ppb_header_content">
<p><strong>Zakres opracowania:</strong> Projekt koncepcyjny, projekt budowlany i wykonawczy budynku jednorodzinnego<br />
<strong>Powierzchnia użytkowa budynku:</strong> 130 m2<br />
<strong>Inwestor:</strong> Prywatny<br />
<strong>Lokalizacja:</strong> Wielkopolska<br />
<strong>Projekt: </strong>2023<br />
<strong>Realizacja: </strong>2024 &#8211; &#8230;&#8230;.</p>
</div>
</div>
</div>
</div>
</div>
</div>
<div class="standard_wrapper">
<div  class="two_third last withsmallpadding ppb_text" style="padding:30px 0 30px 0;color:#000000 !important;" >
<div class="standard_wrapper">
<div class="page_content_wrapper">
<div class="inner">
<div style="margin:auto;width:100%">
<p>Czasami projektujemy też w mniejszej skali, choć niekoniecznie jest to łatwiejsze zadanie. Prezentowany projekt, to wakacyjny domek położony nad jednym z wielkopolskich jezior. </p>
<p>Jak to ostatnio często bywa &#8211; nieforemna działka i zapisy miejscowego planu nie ułatwiały zadania. Z naszego doświadczenia wynika, że przy projektach o mniejszej powierzchni trzeba się zdecydowanie bardziej natrudzić by zmieścić wszystko co niezbędne przy zachowaniu proporcji, czystości funkcjonalnej i konstrukcyjnej. </p>
<p>To domek o dość prostym programie – w parterze jest część dzienna – salon i kuchnia z jadalnia, łazienka i pomieszczenie gospodarcze, salon ma wysokość dwóch kondygnacji. Natomiast na piętrze ulokowaliśmy dwie niewielkie sypialnie, gabinet oraz drugą łazienkę. Nie ma tu miejsca na żadne zbędne przestrzenie.</p>
<p>Wschodnia elewacja budynku skierowana jest w stronę jeziora, dlatego otworzyliśmy ją prawie całkowicie dużymi przeszkleniami, by wpuścić jak najwięcej naturalnego światła do wnętrz, a także zapewnić mieszkańcom doskonały widok na otaczającą dom naturę, zmieniającą się przez wszystkie pory roku. Do kuchni i salonu bezpośrednio przylega taras, na którym zmieści się fajny zestaw wypoczynkowy do wypicia porannej kawy w pełnym słońcu. </p>
<p>Ponieważ dom jest dość prosty a bryła zwarta, postanowiliśmy zastosować na elewacji ręcznie formowaną płytkę klinkierową, która nawet najprostsze budynki niesamowicie zdobi, dając bardzo naturalny efekt i sprawiając, że elewacja jest bezproblemowa i właściwie niezniszczalna. Strefę wejścia podkreśliliśmy wcięciem w bryłę budynku dającą naturalne zadaszenie, oraz grafitowym tynkiem, podbijającym kolor płytki ceglanej.</p>
</div>
</div>
</div>
</div>
</div>
</div>
<div  class="one withsmallpadding ppb_header " style="text-align:left;padding:30px 0 30px 0;" >
<div class="standard_wrapper">
<div class="page_content_wrapper">
<div class="inner">
<div style="margin:auto;width:100%">
<div class="ppb_subtitle" style="">LINKI DO ARTYKUŁÓW</div>
<h2 class="ppb_title" style="">O projekcie napisali</h2>
</div>
</div>
</div>
</div>
</div>
<div  class="one withsmallpadding ppb_text" style="padding:30px 0 30px 0;" >
<div class="standard_wrapper">
<div class="page_content_wrapper">
<div class="inner">
<div style="margin:auto;width:100%"></div>
</div>
</div>
</div>
</div>
<div class="standard_wrapper">
<div  class="one_fourth withsmallpadding ppb_text" style="padding:30px 0 30px 0;" >
<div class="standard_wrapper">
<div class="page_content_wrapper">
<div class="inner">
<div style="margin:auto;width:100%">
<p><a href="https://domzcegly.pl/projekty-architektow/dzc-0742" rel="noopener" target="_blank"><img loading="lazy" decoding="async" loading="lazy" src="https://www.trzy.be/wp-content/uploads/2022/09/dom_z_cegly_LOGO.png" alt="" width="392" height="90" class="alignnone size-full wp-image-13173" /></a></p>
</div>
</div>
</div>
</div>
</div>
</div>
