{"id":9208,"date":"2021-07-09T14:24:19","date_gmt":"2021-07-09T14:24:19","guid":{"rendered":"https:\/\/www.trzy.be\/?post_type=portfolios&#038;p=9208"},"modified":"2023-12-11T11:51:26","modified_gmt":"2023-12-11T11:51:26","slug":"dom-czarno-bialy-d_044","status":"publish","type":"portfolios","link":"https:\/\/www.trzy.be\/?portfolios=dom-czarno-bialy-d_044","title":{"rendered":"Dom czarno-bia\u0142y D_044"},"content":{"rendered":"<div  class=\"one\" style=\"padding:0px 0 0px 0;\" >\n<div class=\"page_content_wrapper withbg \" style=\"background-image:url(https:\/\/www.trzy.be\/wp-content\/uploads\/2021\/05\/v2_rano_sc14.jpg);background-size:cover;background-position:center center;height:965px;position:relative;\"><\/div>\n<\/div>\n<div class=\"standard_wrapper\">\n<div  class=\"one_half withsmallpadding ppb_header \" style=\"text-align:left;padding:30px 0 30px 0;\" >\n<div class=\"page_content_wrapper\">\n<div class=\"inner\">\n<div style=\"margin:auto;width:100%\">\n<h2 class=\"ppb_title\" style=\"\">Dom czarno &#8211; bia\u0142y D_044<\/h2>\n<hr class=\"title_break left\" style=\"\"\/>\n<div class=\"ppb_header_content\">\n<p><strong style=\"font-style: italic; color: #222222;\">Zakres opracowania:<\/strong><span style=\"font-style: italic; color: #222222;\">Projekt koncepcyjny i budowlano-wykonawczy budynku jednorodzinnego<\/span><br style=\"font-style: italic; color: #222222;\" \/><strong style=\"font-style: italic; color: #222222;\">Powierzchnia u\u017cytkowa budynku:\u00a0<\/strong><span style=\"font-style: italic; color: #222222;\">205 m2<\/span><br style=\"font-style: italic; color: #222222;\" \/><strong style=\"font-style: italic; color: #222222;\">Inwestor:\u00a0<\/strong><span style=\"font-style: italic; color: #222222;\">Prywatny<\/span><br style=\"font-style: italic; color: #222222;\" \/><strong style=\"font-style: italic; color: #222222;\">Projekt:<\/strong><span style=\"font-style: italic; color: #222222;\"> 2021<\/span><br style=\"font-style: italic; color: #222222;\" \/><strong style=\"font-style: italic; color: #222222;\">Realizacja:\u00a0<\/strong><span style=\"font-style: italic; color: #222222;\"> 2021-<\/p>\n<\/div>\n<\/div>\n<\/div>\n<\/div>\n<\/div>\n<\/div>\n<div class=\"standard_wrapper\">\n<div  class=\"one_half last withsmallpadding ppb_text\" style=\"padding:30px 0 30px 0;\" >\n<div class=\"standard_wrapper\">\n<div class=\"page_content_wrapper\">\n<div class=\"inner\">\n<div style=\"margin:auto;width:100%\">\n<p>Dom czarno-bia\u0142y powsta\u0142 na dzia\u0142ce posiadaj\u0105cej z pozoru niekorzystne warunki. Wjazd na dzia\u0142k\u0119 jest zlokalizowany od po\u0142udniowej strony, a nieprzekraczalna linia zabudowy sytuuje budynek a\u017c 15 m od frontowej granicy dzia\u0142ki. Ta dzia\u0142ka ma te\u017c jednak niesamowit\u0105 zalet\u0119 \u2013 rosn\u0105 na niej wysokie drzewa, mi\u0119dzy innymi pi\u0119kne brzozy, kt\u00f3rych lokalizacj\u0119 wzi\u0119li\u015bmy pod uwag\u0119, projektuj\u0105c budynek tak, by \u017cadnego z tych okaz\u00f3w nie usuwa\u0107.<\/p>\n<p>Projektuj\u0105c dom, wa\u017cne dla nas by\u0142o, aby zapewni\u0107 klientom jak najwi\u0119cej naturalnego \u015bwiat\u0142a dziennego w domu i na tarasie, przy jednoczesnym zapewnieniu maksimum prywatno\u015bci.<\/p>\n<p>Dom podzielony jest na dwa cz\u0142ony \u2013 bia\u0142a stodo\u0142a to cz\u0119\u015b\u0107 sypialniana oraz techniczna \u2013 w niej mieszcz\u0105 si\u0119 sypialnie, pok\u00f3j go\u015bcinny i \u0142azienki, ale te\u017c gara\u017c i pomieszczenie gospodarcze. Natomiast czarna stodo\u0142a to cz\u0119\u015b\u0107 dzienna, zawieraj\u0105ca kuchni\u0119 jadalni\u0119 i salon, z kt\u00f3rych mo\u017cemy wyj\u015b\u0107 na dwa tarasy \u2013 mniejszy od strony po\u0142udniowej i wi\u0119kszy od p\u00f3\u0142nocno \u2013 zachodniej. Mniejszy taras daje mo\u017cliwo\u015b\u0107 wypicia porannej kawy w s\u0142o\u0144cu, natomiast na wi\u0119kszym b\u0119dzie mo\u017cna schowa\u0107 si\u0119 przed upa\u0142em i s\u0142o\u0144cem w letnie popo\u0142udnie, maj\u0105c widok na zalan\u0105 s\u0142o\u0144cem dzia\u0142k\u0119.<br \/>\nBry\u0142a mniejsza, czarna, pokryta jest drewnem opalanym japo\u0144sk\u0105 metod\u0105 Shou Sugi Ban. To bardzo efektowny spos\u00f3b obr\u00f3bki drewna, dzi\u0119ki kt\u00f3remu deski s\u0105 trwa\u0142e, odporne na ogie\u0144 i wilgo\u0107 a jednocze\u015bnie naturalna struktura drewna jest pi\u0119knie podkre\u015blona.<\/p>\n<p>Obie stodo\u0142y po\u0142\u0105czone s\u0105 przeszklonym \u0142\u0105cznikiem, przez kt\u00f3ry mo\u017cemy zajrze\u0107 do ogrodu podchodz\u0105c do g\u0142\u00f3wnego wej\u015bcia do budynku.<\/p>\n<\/div>\n<\/div>\n<\/div>\n<\/div>\n<\/div>\n<\/div>\n<div class=\"standard_wrapper\">\n<div  class=\"one\" style=\"padding:30px 0 30px 0;\" >\n<div class=\"page_content_wrapper nopadding\">\n<div class=\"inner\">\n<div class=\"slider_wrapper\">\n<div class=\"flexslider tg_gallery \" data-height=\"750\">\n<ul class=\"slides\">\n<li><img decoding=\"async\" src=\"https:\/\/www.trzy.be\/wp-content\/uploads\/2021\/05\/v2_rano_sc27.jpg\" alt=\"\"\/>\n<div class=\"gallery_image_caption\"><\/div>\n<\/li>\n<li><img decoding=\"async\" src=\"https:\/\/www.trzy.be\/wp-content\/uploads\/2021\/05\/v2_wieczor__Scene-27.jpg\" alt=\"\"\/>\n<div class=\"gallery_image_caption\"><\/div>\n<\/li>\n<\/ul>\n<\/div>\n<\/div>\n<\/div>\n<\/div>\n<\/div>\n<\/div>\n<div class=\"standard_wrapper\">\n<div  class=\"one\" style=\"padding:30px 0 30px 0;\" >\n<div class=\"page_content_wrapper nopadding\">\n<div class=\"inner\">\n<div class=\"slider_wrapper\">\n<div class=\"flexslider tg_gallery \" data-height=\"750\">\n<ul class=\"slides\">\n<li><img decoding=\"async\" src=\"https:\/\/www.trzy.be\/wp-content\/uploads\/2021\/05\/v2_rano_sc24.jpg\" alt=\"\"\/>\n<div class=\"gallery_image_caption\"><\/div>\n<\/li>\n<li><img decoding=\"async\" src=\"https:\/\/www.trzy.be\/wp-content\/uploads\/2021\/05\/v2_wieczor__Scene-24.jpg\" alt=\"\"\/>\n<div class=\"gallery_image_caption\"><\/div>\n<\/li>\n<\/ul>\n<\/div>\n<\/div>\n<\/div>\n<\/div>\n<\/div>\n<\/div>\n<div class=\"standard_wrapper\">\n<div  class=\"one\" style=\"padding:30px 0 30px 0;\" >\n<div class=\"page_content_wrapper nopadding\">\n<div class=\"inner\">\n<div class=\"slider_wrapper\">\n<div class=\"flexslider tg_gallery \" data-height=\"750\">\n<ul class=\"slides\">\n<li><img decoding=\"async\" src=\"https:\/\/www.trzy.be\/wp-content\/uploads\/2021\/05\/v2_rano_sc17.jpg\" alt=\"\"\/>\n<div class=\"gallery_image_caption\"><\/div>\n<\/li>\n<li><img decoding=\"async\" src=\"https:\/\/www.trzy.be\/wp-content\/uploads\/2021\/05\/v2_wieczor__Scene-17.jpg\" alt=\"\"\/>\n<div class=\"gallery_image_caption\"><\/div>\n<\/li>\n<\/ul>\n<\/div>\n<\/div>\n<\/div>\n<\/div>\n<\/div>\n<\/div>\n<div class=\"standard_wrapper\">\n<div  class=\"one\" style=\"padding:30px 0 30px 0;\" >\n<div class=\"page_content_wrapper nopadding\">\n<div class=\"inner\">\n<div class=\"slider_wrapper\">\n<div class=\"flexslider tg_gallery \" data-height=\"750\">\n<ul class=\"slides\">\n<li><img decoding=\"async\" src=\"https:\/\/www.trzy.be\/wp-content\/uploads\/2021\/05\/v2_rano_sc23.jpg\" alt=\"\"\/>\n<div class=\"gallery_image_caption\"><\/div>\n<\/li>\n<li><img decoding=\"async\" src=\"https:\/\/www.trzy.be\/wp-content\/uploads\/2021\/05\/v2_wieczor__Scene-23.jpg\" alt=\"\"\/>\n<div class=\"gallery_image_caption\"><\/div>\n<\/li>\n<\/ul>\n<\/div>\n<\/div>\n<\/div>\n<\/div>\n<\/div>\n<\/div>\n<div class=\"standard_wrapper\">\n<div  class=\"one\" style=\"padding:30px 0 30px 0;\" >\n<div class=\"page_content_wrapper nopadding\">\n<div class=\"inner\">\n<div class=\"slider_wrapper\">\n<div class=\"flexslider tg_gallery \" data-height=\"750\">\n<ul class=\"slides\">\n<li><img decoding=\"async\" src=\"https:\/\/www.trzy.be\/wp-content\/uploads\/2021\/05\/v2_rano_sc28.jpg\" alt=\"\"\/>\n<div class=\"gallery_image_caption\"><\/div>\n<\/li>\n<li><img decoding=\"async\" src=\"https:\/\/www.trzy.be\/wp-content\/uploads\/2021\/05\/v2_wieczor__Scene-28.jpg\" alt=\"\"\/>\n<div class=\"gallery_image_caption\"><\/div>\n<\/li>\n<\/ul>\n<\/div>\n<\/div>\n<\/div>\n<\/div>\n<\/div>\n<\/div>\n<div class=\"standard_wrapper\">\n<div  class=\"one\" style=\"padding:30px 0 30px 0;\" >\n<div class=\"page_content_wrapper nopadding\">\n<div class=\"inner\">\n<div class=\"slider_wrapper\">\n<div class=\"flexslider tg_gallery \" data-height=\"750\">\n<ul class=\"slides\">\n<li><img decoding=\"async\" src=\"https:\/\/www.trzy.be\/wp-content\/uploads\/2021\/05\/v2_rano_sc21.jpg\" alt=\"\"\/>\n<div class=\"gallery_image_caption\"><\/div>\n<\/li>\n<li><img decoding=\"async\" src=\"https:\/\/www.trzy.be\/wp-content\/uploads\/2021\/05\/v2_wieczor__Scene-21.jpg\" alt=\"\"\/>\n<div class=\"gallery_image_caption\"><\/div>\n<\/li>\n<\/ul>\n<\/div>\n<\/div>\n<\/div>\n<\/div>\n<\/div>\n<\/div>\n<div class=\"standard_wrapper\">\n<div  class=\"one\" style=\"padding:30px 0 30px 0;\" >\n<div class=\"page_content_wrapper nopadding\">\n<div class=\"inner\">\n<div class=\"slider_wrapper\">\n<div class=\"flexslider tg_gallery \" data-height=\"750\">\n<ul class=\"slides\">\n<li><img decoding=\"async\" src=\"https:\/\/www.trzy.be\/wp-content\/uploads\/2021\/05\/v2_rano_sc7.jpg\" alt=\"\"\/>\n<div class=\"gallery_image_caption\"><\/div>\n<\/li>\n<li><img decoding=\"async\" src=\"https:\/\/www.trzy.be\/wp-content\/uploads\/2021\/05\/v2_wieczor__Scene-7.jpg\" alt=\"\"\/>\n<div class=\"gallery_image_caption\"><\/div>\n<\/li>\n<\/ul>\n<\/div>\n<\/div>\n<\/div>\n<\/div>\n<\/div>\n<\/div>\n<div class=\"standard_wrapper\">\n<div  class=\"one\" style=\"padding:30px 0 30px 0;\" >\n<div class=\"page_content_wrapper nopadding\">\n<div class=\"inner\">\n<div class=\"slider_wrapper\">\n<div class=\"flexslider tg_gallery \" data-height=\"750\">\n<ul class=\"slides\">\n<li><img decoding=\"async\" src=\"https:\/\/www.trzy.be\/wp-content\/uploads\/2021\/05\/v2_rano_sc16.jpg\" alt=\"\"\/>\n<div class=\"gallery_image_caption\"><\/div>\n<\/li>\n<li><img decoding=\"async\" src=\"https:\/\/www.trzy.be\/wp-content\/uploads\/2021\/05\/v2_wieczor__Scene-16.jpg\" alt=\"\"\/>\n<div class=\"gallery_image_caption\"><\/div>\n<\/li>\n<\/ul>\n<\/div>\n<\/div>\n<\/div>\n<\/div>\n<\/div>\n<\/div>\n<div class=\"standard_wrapper\">\n<div  class=\"one\" style=\"padding:30px 0 30px 0;\" >\n<div class=\"page_content_wrapper nopadding\">\n<div class=\"inner\">\n<div class=\"slider_wrapper\">\n<div class=\"flexslider tg_gallery \" data-height=\"750\">\n<ul class=\"slides\">\n<li><img decoding=\"async\" src=\"https:\/\/www.trzy.be\/wp-content\/uploads\/2021\/05\/v2_rano_sc14.jpg\" alt=\"\"\/>\n<div class=\"gallery_image_caption\"><\/div>\n<\/li>\n<li><img decoding=\"async\" src=\"https:\/\/www.trzy.be\/wp-content\/uploads\/2021\/05\/v2_wieczor__Scene-14.jpg\" alt=\"\"\/>\n<div class=\"gallery_image_caption\"><\/div>\n<\/li>\n<\/ul>\n<\/div>\n<\/div>\n<\/div>\n<\/div>\n<\/div>\n<\/div>\n<div class=\"standard_wrapper\">\n<div  class=\"one\" style=\"padding:30px 0 30px 0;\" >\n<div class=\"page_content_wrapper nopadding\">\n<div class=\"inner\">\n<div class=\"slider_wrapper\">\n<div class=\"flexslider tg_gallery \" data-height=\"750\">\n<ul class=\"slides\">\n<li><img decoding=\"async\" src=\"https:\/\/www.trzy.be\/wp-content\/uploads\/2021\/05\/v2_rano_sc26.jpg\" alt=\"\"\/>\n<div class=\"gallery_image_caption\"><\/div>\n<\/li>\n<li><img decoding=\"async\" src=\"https:\/\/www.trzy.be\/wp-content\/uploads\/2021\/05\/v2_wieczor_scene26_.jpg\" alt=\"\"\/>\n<div class=\"gallery_image_caption\"><\/div>\n<\/li>\n<\/ul>\n<\/div>\n<\/div>\n<\/div>\n<\/div>\n<\/div>\n<\/div>\n","protected":false},"excerpt":{"rendered":"<p>Projekt domu jednorodzinnego \/ 2021<\/p>\n","protected":false},"featured_media":8799,"comment_status":"closed","ping_status":"closed","template":"","portfoliosets":[4,48],"class_list":["post-9208","portfolios","type-portfolios","status-publish","has-post-thumbnail","hentry","portfoliosets-archi","portfoliosets-wybrane"],"_links":{"self":[{"href":"https:\/\/www.trzy.be\/index.php?rest_route=\/wp\/v2\/portfolios\/9208","targetHints":{"allow":["GET"]}}],"collection":[{"href":"https:\/\/www.trzy.be\/index.php?rest_route=\/wp\/v2\/portfolios"}],"about":[{"href":"https:\/\/www.trzy.be\/index.php?rest_route=\/wp\/v2\/types\/portfolios"}],"replies":[{"embeddable":true,"href":"https:\/\/www.trzy.be\/index.php?rest_route=%2Fwp%2Fv2%2Fcomments&post=9208"}],"wp:featuredmedia":[{"embeddable":true,"href":"https:\/\/www.trzy.be\/index.php?rest_route=\/wp\/v2\/media\/8799"}],"wp:attachment":[{"href":"https:\/\/www.trzy.be\/index.php?rest_route=%2Fwp%2Fv2%2Fmedia&parent=9208"}],"wp:term":[{"taxonomy":"portfoliosets","embeddable":true,"href":"https:\/\/www.trzy.be\/index.php?rest_route=%2Fwp%2Fv2%2Fportfoliosets&post=9208"}],"curies":[{"name":"wp","href":"https:\/\/api.w.org\/{rel}","templated":true}]}}

Dom czarno-biały D_044

<div  class="one" style="padding:0px 0 0px 0;" >
<div class="page_content_wrapper withbg " style="background-image:url(https://www.trzy.be/wp-content/uploads/2021/05/v2_rano_sc14.jpg);background-size:cover;background-position:center center;height:965px;position:relative;"></div>
</div>
<div class="standard_wrapper">
<div  class="one_half withsmallpadding ppb_header " style="text-align:left;padding:30px 0 30px 0;" >
<div class="page_content_wrapper">
<div class="inner">
<div style="margin:auto;width:100%">
<h2 class="ppb_title" style="">Dom czarno &#8211; biały D_044</h2>
<hr class="title_break left" style=""/>
<div class="ppb_header_content">
<p><strong style="font-style: italic; color: #222222;">Zakres opracowania:</strong><span style="font-style: italic; color: #222222;">Projekt koncepcyjny i budowlano-wykonawczy budynku jednorodzinnego</span><br style="font-style: italic; color: #222222;" /><strong style="font-style: italic; color: #222222;">Powierzchnia użytkowa budynku: </strong><span style="font-style: italic; color: #222222;">205 m2</span><br style="font-style: italic; color: #222222;" /><strong style="font-style: italic; color: #222222;">Inwestor: </strong><span style="font-style: italic; color: #222222;">Prywatny</span><br style="font-style: italic; color: #222222;" /><strong style="font-style: italic; color: #222222;">Projekt:</strong><span style="font-style: italic; color: #222222;"> 2021</span><br style="font-style: italic; color: #222222;" /><strong style="font-style: italic; color: #222222;">Realizacja: </strong><span style="font-style: italic; color: #222222;"> 2021-</p>
</div>
</div>
</div>
</div>
</div>
</div>
<div class="standard_wrapper">
<div  class="one_half last withsmallpadding ppb_text" style="padding:30px 0 30px 0;" >
<div class="standard_wrapper">
<div class="page_content_wrapper">
<div class="inner">
<div style="margin:auto;width:100%">
<p>Dom czarno-biały powstał na działce posiadającej z pozoru niekorzystne warunki. Wjazd na działkę jest zlokalizowany od południowej strony, a nieprzekraczalna linia zabudowy sytuuje budynek aż 15 m od frontowej granicy działki. Ta działka ma też jednak niesamowitą zaletę – rosną na niej wysokie drzewa, między innymi piękne brzozy, których lokalizację wzięliśmy pod uwagę, projektując budynek tak, by żadnego z tych okazów nie usuwać.</p>
<p>Projektując dom, ważne dla nas było, aby zapewnić klientom jak najwięcej naturalnego światła dziennego w domu i na tarasie, przy jednoczesnym zapewnieniu maksimum prywatności.</p>
<p>Dom podzielony jest na dwa człony – biała stodoła to część sypialniana oraz techniczna – w niej mieszczą się sypialnie, pokój gościnny i łazienki, ale też garaż i pomieszczenie gospodarcze. Natomiast czarna stodoła to część dzienna, zawierająca kuchnię jadalnię i salon, z których możemy wyjść na dwa tarasy – mniejszy od strony południowej i większy od północno – zachodniej. Mniejszy taras daje możliwość wypicia porannej kawy w słońcu, natomiast na większym będzie można schować się przed upałem i słońcem w letnie popołudnie, mając widok na zalaną słońcem działkę.<br />
Bryła mniejsza, czarna, pokryta jest drewnem opalanym japońską metodą Shou Sugi Ban. To bardzo efektowny sposób obróbki drewna, dzięki któremu deski są trwałe, odporne na ogień i wilgoć a jednocześnie naturalna struktura drewna jest pięknie podkreślona.</p>
<p>Obie stodoły połączone są przeszklonym łącznikiem, przez który możemy zajrzeć do ogrodu podchodząc do głównego wejścia do budynku.</p>
</div>
</div>
</div>
</div>
</div>
</div>
<div class="standard_wrapper">
<div  class="one" style="padding:30px 0 30px 0;" >
<div class="page_content_wrapper nopadding">
<div class="inner">
<div class="slider_wrapper">
<div class="flexslider tg_gallery " data-height="750">
<ul class="slides">
<li><img decoding="async" src="https://www.trzy.be/wp-content/uploads/2021/05/v2_rano_sc27.jpg" alt=""/>
<div class="gallery_image_caption"></div>
</li>
<li><img decoding="async" src="https://www.trzy.be/wp-content/uploads/2021/05/v2_wieczor__Scene-27.jpg" alt=""/>
<div class="gallery_image_caption"></div>
</li>
</ul>
</div>
</div>
</div>
</div>
</div>
</div>
<div class="standard_wrapper">
<div  class="one" style="padding:30px 0 30px 0;" >
<div class="page_content_wrapper nopadding">
<div class="inner">
<div class="slider_wrapper">
<div class="flexslider tg_gallery " data-height="750">
<ul class="slides">
<li><img decoding="async" src="https://www.trzy.be/wp-content/uploads/2021/05/v2_rano_sc24.jpg" alt=""/>
<div class="gallery_image_caption"></div>
</li>
<li><img decoding="async" src="https://www.trzy.be/wp-content/uploads/2021/05/v2_wieczor__Scene-24.jpg" alt=""/>
<div class="gallery_image_caption"></div>
</li>
</ul>
</div>
</div>
</div>
</div>
</div>
</div>
<div class="standard_wrapper">
<div  class="one" style="padding:30px 0 30px 0;" >
<div class="page_content_wrapper nopadding">
<div class="inner">
<div class="slider_wrapper">
<div class="flexslider tg_gallery " data-height="750">
<ul class="slides">
<li><img decoding="async" src="https://www.trzy.be/wp-content/uploads/2021/05/v2_rano_sc17.jpg" alt=""/>
<div class="gallery_image_caption"></div>
</li>
<li><img decoding="async" src="https://www.trzy.be/wp-content/uploads/2021/05/v2_wieczor__Scene-17.jpg" alt=""/>
<div class="gallery_image_caption"></div>
</li>
</ul>
</div>
</div>
</div>
</div>
</div>
</div>
<div class="standard_wrapper">
<div  class="one" style="padding:30px 0 30px 0;" >
<div class="page_content_wrapper nopadding">
<div class="inner">
<div class="slider_wrapper">
<div class="flexslider tg_gallery " data-height="750">
<ul class="slides">
<li><img decoding="async" src="https://www.trzy.be/wp-content/uploads/2021/05/v2_rano_sc23.jpg" alt=""/>
<div class="gallery_image_caption"></div>
</li>
<li><img decoding="async" src="https://www.trzy.be/wp-content/uploads/2021/05/v2_wieczor__Scene-23.jpg" alt=""/>
<div class="gallery_image_caption"></div>
</li>
</ul>
</div>
</div>
</div>
</div>
</div>
</div>
<div class="standard_wrapper">
<div  class="one" style="padding:30px 0 30px 0;" >
<div class="page_content_wrapper nopadding">
<div class="inner">
<div class="slider_wrapper">
<div class="flexslider tg_gallery " data-height="750">
<ul class="slides">
<li><img decoding="async" src="https://www.trzy.be/wp-content/uploads/2021/05/v2_rano_sc28.jpg" alt=""/>
<div class="gallery_image_caption"></div>
</li>
<li><img decoding="async" src="https://www.trzy.be/wp-content/uploads/2021/05/v2_wieczor__Scene-28.jpg" alt=""/>
<div class="gallery_image_caption"></div>
</li>
</ul>
</div>
</div>
</div>
</div>
</div>
</div>
<div class="standard_wrapper">
<div  class="one" style="padding:30px 0 30px 0;" >
<div class="page_content_wrapper nopadding">
<div class="inner">
<div class="slider_wrapper">
<div class="flexslider tg_gallery " data-height="750">
<ul class="slides">
<li><img decoding="async" src="https://www.trzy.be/wp-content/uploads/2021/05/v2_rano_sc21.jpg" alt=""/>
<div class="gallery_image_caption"></div>
</li>
<li><img decoding="async" src="https://www.trzy.be/wp-content/uploads/2021/05/v2_wieczor__Scene-21.jpg" alt=""/>
<div class="gallery_image_caption"></div>
</li>
</ul>
</div>
</div>
</div>
</div>
</div>
</div>
<div class="standard_wrapper">
<div  class="one" style="padding:30px 0 30px 0;" >
<div class="page_content_wrapper nopadding">
<div class="inner">
<div class="slider_wrapper">
<div class="flexslider tg_gallery " data-height="750">
<ul class="slides">
<li><img decoding="async" src="https://www.trzy.be/wp-content/uploads/2021/05/v2_rano_sc7.jpg" alt=""/>
<div class="gallery_image_caption"></div>
</li>
<li><img decoding="async" src="https://www.trzy.be/wp-content/uploads/2021/05/v2_wieczor__Scene-7.jpg" alt=""/>
<div class="gallery_image_caption"></div>
</li>
</ul>
</div>
</div>
</div>
</div>
</div>
</div>
<div class="standard_wrapper">
<div  class="one" style="padding:30px 0 30px 0;" >
<div class="page_content_wrapper nopadding">
<div class="inner">
<div class="slider_wrapper">
<div class="flexslider tg_gallery " data-height="750">
<ul class="slides">
<li><img decoding="async" src="https://www.trzy.be/wp-content/uploads/2021/05/v2_rano_sc16.jpg" alt=""/>
<div class="gallery_image_caption"></div>
</li>
<li><img decoding="async" src="https://www.trzy.be/wp-content/uploads/2021/05/v2_wieczor__Scene-16.jpg" alt=""/>
<div class="gallery_image_caption"></div>
</li>
</ul>
</div>
</div>
</div>
</div>
</div>
</div>
<div class="standard_wrapper">
<div  class="one" style="padding:30px 0 30px 0;" >
<div class="page_content_wrapper nopadding">
<div class="inner">
<div class="slider_wrapper">
<div class="flexslider tg_gallery " data-height="750">
<ul class="slides">
<li><img decoding="async" src="https://www.trzy.be/wp-content/uploads/2021/05/v2_rano_sc14.jpg" alt=""/>
<div class="gallery_image_caption"></div>
</li>
<li><img decoding="async" src="https://www.trzy.be/wp-content/uploads/2021/05/v2_wieczor__Scene-14.jpg" alt=""/>
<div class="gallery_image_caption"></div>
</li>
</ul>
</div>
</div>
</div>
</div>
</div>
</div>
<div class="standard_wrapper">
<div  class="one" style="padding:30px 0 30px 0;" >
<div class="page_content_wrapper nopadding">
<div class="inner">
<div class="slider_wrapper">
<div class="flexslider tg_gallery " data-height="750">
<ul class="slides">
<li><img decoding="async" src="https://www.trzy.be/wp-content/uploads/2021/05/v2_rano_sc26.jpg" alt=""/>
<div class="gallery_image_caption"></div>
</li>
<li><img decoding="async" src="https://www.trzy.be/wp-content/uploads/2021/05/v2_wieczor_scene26_.jpg" alt=""/>
<div class="gallery_image_caption"></div>
</li>
</ul>
</div>
</div>
</div>
</div>
</div>
</div>
